{"id":178,"date":"2013-06-18T23:46:30","date_gmt":"2013-06-18T21:46:30","guid":{"rendered":"http:\/\/www.ruandahilfe.de\/?page_id=178"},"modified":"2024-05-25T21:03:50","modified_gmt":"2024-05-25T19:03:50","slug":"katalog","status":"publish","type":"page","link":"http:\/\/www.ruandahilfe.de\/?page_id=178","title":{"rendered":"Katalog"},"content":{"rendered":"<p><a href=\"http:\/\/www.ruandahilfe.de\/wp-content\/uploads\/2013\/06\/DSC_0139.jpg\"><img loading=\"lazy\" class=\"size-medium wp-image-188 alignleft\" title=\"Schneider\" src=\"http:\/\/www.ruandahilfe.de\/wp-content\/uploads\/2013\/06\/DSC_0139-300x199.jpg\" alt=\"\" width=\"300\" height=\"199\" srcset=\"http:\/\/www.ruandahilfe.de\/wp-content\/uploads\/2013\/06\/DSC_0139-300x199.jpg 300w, http:\/\/www.ruandahilfe.de\/wp-content\/uploads\/2013\/06\/DSC_0139-1024x680.jpg 1024w\" sizes=\"(max-width: 300px) 100vw, 300px\" \/><\/a>Im Rahmen seiner Hilfsprojekte bietet <b> Ruandahilfe e.V. <\/b> eine kostenlose einj\u00e4hrige Schneiderlehre f\u00fcr junge\u00a0Waisenm\u00e4dchen an. Viele davon sind \u00dcberlebende des V\u00f6lkermordes von 1994. Die quietschbunten Gute-Laune-Produkte wie Taschen, Sch\u00fcrzen oder aufwendige Patchwork-Decken kann man \u00fcber Ruandahilfe e.V. erwerben.<\/p>\n<p>Hier geht&#8217;s zum <a href=\"http:\/\/www.ruandahilfe.de\/wp-content\/uploads\/2024\/05\/Ruandahilfe_Katalog2024_mitPreisen.pdf\" target=\"_blank\" rel=\"noopener\">Katalog<\/a>.<\/p>\n<p>Zur Bestellung einfach Email an <a href=\"mailto:info@ruandahilfe.de\">info@ruandahilfe.de<\/a> schreiben. Selbstverst\u00e4ndlich k\u00f6nnen auch Auftragsarbeiten angefertigt werden. Wir freuen uns auf Ihre Bestellung!<\/p>\n","protected":false},"excerpt":{"rendered":"<p>Im Rahmen seiner Hilfsprojekte bietet Ruandahilfe e.V. eine kostenlose einj\u00e4hrige Schneiderlehre f\u00fcr junge\u00a0Waisenm\u00e4dchen an. Viele davon sind \u00dcberlebende des V\u00f6lkermordes von 1994. Die quietschbunten Gute-Laune-Produkte wie Taschen, Sch\u00fcrzen oder aufwendige Patchwork-Decken kann man \u00fcber Ruandahilfe e.V. erwerben. Hier geht&#8217;s zum &hellip; <a href=\"http:\/\/www.ruandahilfe.de\/?page_id=178\">Weiterlesen <span class=\"meta-nav\">&rarr;<\/span><\/a><\/p>\n","protected":false},"author":1,"featured_media":0,"parent":0,"menu_order":0,"comment_status":"closed","ping_status":"closed","template":"","meta":[],"_links":{"self":[{"href":"http:\/\/www.ruandahilfe.de\/index.php?rest_route=\/wp\/v2\/pages\/178"}],"collection":[{"href":"http:\/\/www.ruandahilfe.de\/index.php?rest_route=\/wp\/v2\/pages"}],"about":[{"href":"http:\/\/www.ruandahilfe.de\/index.php?rest_route=\/wp\/v2\/types\/page"}],"author":[{"embeddable":true,"href":"http:\/\/www.ruandahilfe.de\/index.php?rest_route=\/wp\/v2\/users\/1"}],"replies":[{"embeddable":true,"href":"http:\/\/www.ruandahilfe.de\/index.php?rest_route=%2Fwp%2Fv2%2Fcomments&post=178"}],"version-history":[{"count":20,"href":"http:\/\/www.ruandahilfe.de\/index.php?rest_route=\/wp\/v2\/pages\/178\/revisions"}],"predecessor-version":[{"id":575,"href":"http:\/\/www.ruandahilfe.de\/index.php?rest_route=\/wp\/v2\/pages\/178\/revisions\/575"}],"wp:attachment":[{"href":"http:\/\/www.ruandahilfe.de\/index.php?rest_route=%2Fwp%2Fv2%2Fmedia&parent=178"}],"curies":[{"name":"wp","href":"https:\/\/api.w.org\/{rel}","templated":true}]}}