{"id":45,"date":"2013-01-20T19:48:03","date_gmt":"2013-01-20T17:48:03","guid":{"rendered":"http:\/\/www.ruandahilfe.de\/?page_id=45"},"modified":"2017-10-18T13:30:32","modified_gmt":"2017-10-18T11:30:32","slug":"spenden-sie","status":"publish","type":"page","link":"http:\/\/www.ruandahilfe.de\/?page_id=45","title":{"rendered":"Spenden"},"content":{"rendered":"<p><a href=\"http:\/\/www.ruandahilfe.de\/?attachment_id=46\" rel=\"attachment wp-att-46\"><img loading=\"lazy\" class=\"wp-image-46 alignleft\" src=\"http:\/\/www.ruandahilfe.de\/wp-content\/uploads\/2013\/01\/web-trauma-individual.jpg\" alt=\"Traumatherapie\" width=\"354\" height=\"265\" srcset=\"http:\/\/www.ruandahilfe.de\/wp-content\/uploads\/2013\/01\/web-trauma-individual.jpg 2848w, http:\/\/www.ruandahilfe.de\/wp-content\/uploads\/2013\/01\/web-trauma-individual-300x225.jpg 300w, http:\/\/www.ruandahilfe.de\/wp-content\/uploads\/2013\/01\/web-trauma-individual-1024x768.jpg 1024w\" sizes=\"(max-width: 354px) 100vw, 354px\" \/><\/a>Wir freuen uns \u00fcber Ihre Spende!<\/p>\n<p>Gerne stellen wir Ihnen auf Wunsch auch eine Spendenbescheinigung aus. Bitte geben Sie dazu bei der \u00dcberweisung Ihre vollst\u00e4ndige Postanschrift\u00a0an.<\/p>\n<p><strong>Ruandahilfe e.V.\u00a0<\/strong><br \/>\n<strong>IBAN\u00a0<\/strong>DE09701694650000151343<br \/>\n<strong>BIC\u00a0<\/strong>GENODEF1M08<br \/>\nRaiffeisenbank M\u00fcnchen-Nord eG<\/p>\n<p>&nbsp;<\/p>\n","protected":false},"excerpt":{"rendered":"<p>Wir freuen uns \u00fcber Ihre Spende! Gerne stellen wir Ihnen auf Wunsch auch eine Spendenbescheinigung aus. Bitte geben Sie dazu bei der \u00dcberweisung Ihre vollst\u00e4ndige Postanschrift\u00a0an. Ruandahilfe e.V.\u00a0 IBAN\u00a0DE09701694650000151343 BIC\u00a0GENODEF1M08 Raiffeisenbank M\u00fcnchen-Nord eG &nbsp;<\/p>\n","protected":false},"author":1,"featured_media":0,"parent":0,"menu_order":10,"comment_status":"closed","ping_status":"closed","template":"","meta":[],"_links":{"self":[{"href":"http:\/\/www.ruandahilfe.de\/index.php?rest_route=\/wp\/v2\/pages\/45"}],"collection":[{"href":"http:\/\/www.ruandahilfe.de\/index.php?rest_route=\/wp\/v2\/pages"}],"about":[{"href":"http:\/\/www.ruandahilfe.de\/index.php?rest_route=\/wp\/v2\/types\/page"}],"author":[{"embeddable":true,"href":"http:\/\/www.ruandahilfe.de\/index.php?rest_route=\/wp\/v2\/users\/1"}],"replies":[{"embeddable":true,"href":"http:\/\/www.ruandahilfe.de\/index.php?rest_route=%2Fwp%2Fv2%2Fcomments&post=45"}],"version-history":[{"count":10,"href":"http:\/\/www.ruandahilfe.de\/index.php?rest_route=\/wp\/v2\/pages\/45\/revisions"}],"predecessor-version":[{"id":416,"href":"http:\/\/www.ruandahilfe.de\/index.php?rest_route=\/wp\/v2\/pages\/45\/revisions\/416"}],"wp:attachment":[{"href":"http:\/\/www.ruandahilfe.de\/index.php?rest_route=%2Fwp%2Fv2%2Fmedia&parent=45"}],"curies":[{"name":"wp","href":"https:\/\/api.w.org\/{rel}","templated":true}]}}